{"id":1173,"date":"2022-08-04T12:54:43","date_gmt":"2022-08-04T11:54:43","guid":{"rendered":"https:\/\/cetec.pt\/novo\/?page_id=1173"},"modified":"2024-09-16T11:59:23","modified_gmt":"2024-09-16T10:59:23","slug":"formacao-profissionalizante","status":"publish","type":"page","link":"https:\/\/www.novotecna.pt\/novo\/formacao-profissionalizante\/","title":{"rendered":"Escola T\u00e9cnico Profissional de Soldadura"},"content":{"rendered":"\t\t<div data-elementor-type=\"wp-page\" data-elementor-id=\"1173\" class=\"elementor elementor-1173\" data-elementor-post-type=\"page\">\n\t\t\t\t\t\t\t\t\t<section class=\"elementor-section elementor-top-section elementor-element elementor-element-acbad2e elementor-section-full_width elementor-section-height-default elementor-section-height-default\" data-id=\"acbad2e\" data-element_type=\"section\" data-settings=\"{&quot;background_background&quot;:&quot;classic&quot;}\">\n\t\t\t\t\t\t<div class=\"elementor-container elementor-column-gap-default\">\n\t\t\t\t\t<div class=\"elementor-column elementor-col-100 elementor-top-column elementor-element elementor-element-6082765\" data-id=\"6082765\" data-element_type=\"column\">\n\t\t\t<div class=\"elementor-widget-wrap elementor-element-populated\">\n\t\t\t\t\t\t\t\t<section class=\"elementor-section elementor-inner-section elementor-element elementor-element-3d18f82 elementor-section-full_width elementor-section-height-default elementor-section-height-default\" data-id=\"3d18f82\" data-element_type=\"section\">\n\t\t\t\t\t\t<div class=\"elementor-container elementor-column-gap-no\">\n\t\t\t\t\t<div class=\"elementor-column elementor-col-100 elementor-inner-column elementor-element elementor-element-b8d7472\" data-id=\"b8d7472\" data-element_type=\"column\">\n\t\t\t<div class=\"elementor-widget-wrap elementor-element-populated\">\n\t\t\t\t\t\t\t\t<div class=\"elementor-element elementor-element-ae80ac8 elementor-widget elementor-widget-tp-heading\" data-id=\"ae80ac8\" data-element_type=\"widget\" data-widget_type=\"tp-heading.default\">\n\t\t\t\t<div class=\"elementor-widget-container\">\n\t\t\t\r\n\t\t\t\r\n\r\n                    <div class=\"section__title-wrapper tp-el-content\">\r\n                    \r\n                <span class=\"section__title-pre tp-el-subtitle\">\r\n                    Forma\u00e7\u00e3o                <\/span>\r\n                                <h2 class=\"section__title section__title-44 tp-el-title\">Escola T\u00e9cnico Profissional de Soldadura<\/h2>\r\n                            <\/div>\r\n        \r\n        \r\n        \t\t<\/div>\n\t\t\t\t<\/div>\n\t\t\t\t<div class=\"elementor-element elementor-element-7fb4c08 elementor-widget elementor-widget-text-editor\" data-id=\"7fb4c08\" data-element_type=\"widget\" data-widget_type=\"text-editor.default\">\n\t\t\t\t<div class=\"elementor-widget-container\">\n\t\t\t<style>\/*! elementor - v3.14.0 - 18-06-2023 *\/\n.elementor-widget-text-editor.elementor-drop-cap-view-stacked .elementor-drop-cap{background-color:#69727d;color:#fff}.elementor-widget-text-editor.elementor-drop-cap-view-framed .elementor-drop-cap{color:#69727d;border:3px solid;background-color:transparent}.elementor-widget-text-editor:not(.elementor-drop-cap-view-default) .elementor-drop-cap{margin-top:8px}.elementor-widget-text-editor:not(.elementor-drop-cap-view-default) .elementor-drop-cap-letter{width:1em;height:1em}.elementor-widget-text-editor .elementor-drop-cap{float:left;text-align:center;line-height:1;font-size:50px}.elementor-widget-text-editor .elementor-drop-cap-letter{display:inline-block}<\/style>\t\t\t\t<p>A Novotecna realiza nas suas instala\u00e7\u00f5es cursos em diversas \u00e1reas de interesse e com elevada aplicabilidade pr\u00e1tica. O intuito destas iniciativas \u00e9 fazer com que os participantes levem destas forma\u00e7\u00f5es ferramentas \u00fateis ao desempenho de uma nova profiss\u00e3o, ou at\u00e9 mesmo para enriquecimento pessoal\/profissional na \u00e1rea.<\/p>\t\t\t\t\t\t<\/div>\n\t\t\t\t<\/div>\n\t\t\t\t<div class=\"elementor-element elementor-element-7114abd elementor-widget elementor-widget-tp-tutor\" data-id=\"7114abd\" data-element_type=\"widget\" data-widget_type=\"tp-tutor.default\">\n\t\t\t\t<div class=\"elementor-widget-container\">\n\t\t\t\r\n        \r\n         <section class=\"course__area\">\r\n            <div class=\"container\">\r\n               <div class=\"row\">\r\n                                        <div class=\"col-xxl-4 col-xl-4 col-lg-6 col-md-6\">\r\n                        <div class=\"course__item white-bg transition-3 mb-30\">\r\n                                                      <div class=\"course__thumb p-relative w-img fix\">\r\n                                <a href=\"https:\/\/www.novotecna.pt\/novo\/courses\/soldadura-tig-8100-al-angulo-em-chapa-posicao-pd-e-chapa-tubo-nas-posicoes-pd-pb-e-ph\/\">\r\n                                    <img loading=\"lazy\" decoding=\"async\" width=\"275\" height=\"183\" src=\"https:\/\/www.novotecna.pt\/novo\/wp-content\/uploads\/2022\/08\/mig.jpeg\" class=\"attachment-full size-full wp-post-image\" alt=\"\" \/>                                <\/a>\r\n\r\n                                <div class=\"tutor-course-loop-header-meta\">\r\n                                                                    <\/div>\r\n\r\n                           <\/div>\r\n                           \r\n                           <div class=\"course__content p-relative\">\r\n                                                                                                                        <div class=\"course__tag\">\r\n                                                                    <a href=\"https:\/\/www.novotecna.pt\/novo\/course-category\/aberto\/\">Aberto<\/a>\r\n                                                                    <a href=\"https:\/\/www.novotecna.pt\/novo\/course-category\/soldadura\/\">Escola de Soldadura<\/a>\r\n                                                                    <a href=\"https:\/\/www.novotecna.pt\/novo\/course-category\/nao-financiada\/\">Forma\u00e7\u00e3o n\u00e3o financiada<\/a>\r\n                                                              <\/div>\r\n                                                            \r\n                              <h3 class=\"course__title\">\r\n                                 <a href=\"https:\/\/www.novotecna.pt\/novo\/courses\/soldadura-tig-8100-al-angulo-em-chapa-posicao-pd-e-chapa-tubo-nas-posicoes-pd-pb-e-ph\/\">Soldadura TIG<\/a>\r\n                              <\/h3>\r\n\r\n                                                                <p>Identificar e caracterizar, os equipamentos utilizados e a sua constitui\u00e7\u00e3o no processo<\/p>\r\n                                   \r\n                              <div class=\"course__bottom d-sm-flex align-items-center justify-content-between\">\r\n                                                                                               <\/div>\r\n                           <\/div>\r\n                        <\/div>\r\n                    <\/div>\r\n                                         <div class=\"col-xxl-4 col-xl-4 col-lg-6 col-md-6\">\r\n                        <div class=\"course__item white-bg transition-3 mb-30\">\r\n                                                      <div class=\"course__thumb p-relative w-img fix\">\r\n                                <a href=\"https:\/\/www.novotecna.pt\/novo\/courses\/soldadura-eletrodos-revestidos-ser\/\">\r\n                                    <img loading=\"lazy\" decoding=\"async\" width=\"275\" height=\"183\" src=\"https:\/\/www.novotecna.pt\/novo\/wp-content\/uploads\/2022\/08\/eletrodo.jpeg\" class=\"attachment-full size-full wp-post-image\" alt=\"\" \/>                                <\/a>\r\n\r\n                                <div class=\"tutor-course-loop-header-meta\">\r\n                                                                    <\/div>\r\n\r\n                           <\/div>\r\n                           \r\n                           <div class=\"course__content p-relative\">\r\n                                                                                                                        <div class=\"course__tag\">\r\n                                                                    <a href=\"https:\/\/www.novotecna.pt\/novo\/course-category\/aberto\/\">Aberto<\/a>\r\n                                                                    <a href=\"https:\/\/www.novotecna.pt\/novo\/course-category\/cursos-profissionais\/\">Cursos profissionalizantes<\/a>\r\n                                                                    <a href=\"https:\/\/www.novotecna.pt\/novo\/course-category\/soldadura\/\">Escola de Soldadura<\/a>\r\n                                                                    <a href=\"https:\/\/www.novotecna.pt\/novo\/course-category\/nao-financiada\/\">Forma\u00e7\u00e3o n\u00e3o financiada<\/a>\r\n                                                              <\/div>\r\n                                                            \r\n                              <h3 class=\"course__title\">\r\n                                 <a href=\"https:\/\/www.novotecna.pt\/novo\/courses\/soldadura-eletrodos-revestidos-ser\/\">Soldadura El\u00e9trodos Revestidos (SER)<\/a>\r\n                              <\/h3>\r\n\r\n                                                                <p>Meios de seguran\u00e7a pessoal Identifica\u00e7\u00e3o do equipamento O processo de soldadura Caracter\u00edsticas<\/p>\r\n                                   \r\n                              <div class=\"course__bottom d-sm-flex align-items-center justify-content-between\">\r\n                                                                                               <\/div>\r\n                           <\/div>\r\n                        <\/div>\r\n                    <\/div>\r\n                                         <div class=\"col-xxl-4 col-xl-4 col-lg-6 col-md-6\">\r\n                        <div class=\"course__item white-bg transition-3 mb-30\">\r\n                                                      <div class=\"course__thumb p-relative w-img fix\">\r\n                                <a href=\"https:\/\/www.novotecna.pt\/novo\/courses\/soldadura-oxi-acetelenica-ao-311\/\">\r\n                                    <img loading=\"lazy\" decoding=\"async\" width=\"612\" height=\"481\" src=\"https:\/\/www.novotecna.pt\/novo\/wp-content\/uploads\/2022\/08\/oxi.jpg\" class=\"attachment-full size-full wp-post-image\" alt=\"\" srcset=\"https:\/\/www.novotecna.pt\/novo\/wp-content\/uploads\/2022\/08\/oxi.jpg 612w, https:\/\/www.novotecna.pt\/novo\/wp-content\/uploads\/2022\/08\/oxi-300x236.jpg 300w\" sizes=\"auto, (max-width: 612px) 100vw, 612px\" \/>                                <\/a>\r\n\r\n                                <div class=\"tutor-course-loop-header-meta\">\r\n                                                                    <\/div>\r\n\r\n                           <\/div>\r\n                           \r\n                           <div class=\"course__content p-relative\">\r\n                                                                                                                        <div class=\"course__tag\">\r\n                                                                    <a href=\"https:\/\/www.novotecna.pt\/novo\/course-category\/aberto\/\">Aberto<\/a>\r\n                                                                    <a href=\"https:\/\/www.novotecna.pt\/novo\/course-category\/cursos-profissionais\/\">Cursos profissionalizantes<\/a>\r\n                                                                    <a href=\"https:\/\/www.novotecna.pt\/novo\/course-category\/soldadura\/\">Escola de Soldadura<\/a>\r\n                                                                    <a href=\"https:\/\/www.novotecna.pt\/novo\/course-category\/nao-financiada\/\">Forma\u00e7\u00e3o n\u00e3o financiada<\/a>\r\n                                                              <\/div>\r\n                                                            \r\n                              <h3 class=\"course__title\">\r\n                                 <a href=\"https:\/\/www.novotecna.pt\/novo\/courses\/soldadura-oxi-acetelenica-ao-311\/\">Tecnologia da soldadura oxi-acetil\u00e9nica, arco el\u00e9trico e oxi-corte<\/a>\r\n                              <\/h3>\r\n\r\n                                                                <p>Objetivos Caracterizar processos de soldadura e corte por ma\u00e7arico. Caracterizar processos de<\/p>\r\n                                   \r\n                              <div class=\"course__bottom d-sm-flex align-items-center justify-content-between\">\r\n                                                                                               <\/div>\r\n                           <\/div>\r\n                        <\/div>\r\n                    <\/div>\r\n                                         <div class=\"col-xxl-4 col-xl-4 col-lg-6 col-md-6\">\r\n                        <div class=\"course__item white-bg transition-3 mb-30\">\r\n                                                      <div class=\"course__thumb p-relative w-img fix\">\r\n                                <a href=\"https:\/\/www.novotecna.pt\/novo\/courses\/soldadura-mig-ou-braising\/\">\r\n                                    <img loading=\"lazy\" decoding=\"async\" width=\"275\" height=\"183\" src=\"https:\/\/www.novotecna.pt\/novo\/wp-content\/uploads\/2022\/08\/mig.jpeg\" class=\"attachment-full size-full wp-post-image\" alt=\"\" \/>                                <\/a>\r\n\r\n                                <div class=\"tutor-course-loop-header-meta\">\r\n                                                                    <\/div>\r\n\r\n                           <\/div>\r\n                           \r\n                           <div class=\"course__content p-relative\">\r\n                                                                                                                        <div class=\"course__tag\">\r\n                                                                    <a href=\"https:\/\/www.novotecna.pt\/novo\/course-category\/aberto\/\">Aberto<\/a>\r\n                                                                    <a href=\"https:\/\/www.novotecna.pt\/novo\/course-category\/soldadura\/\">Escola de Soldadura<\/a>\r\n                                                                    <a href=\"https:\/\/www.novotecna.pt\/novo\/course-category\/nao-financiada\/\">Forma\u00e7\u00e3o n\u00e3o financiada<\/a>\r\n                                                              <\/div>\r\n                                                            \r\n                              <h3 class=\"course__title\">\r\n                                 <a href=\"https:\/\/www.novotecna.pt\/novo\/courses\/soldadura-mig-ou-braising\/\">Soldadura TIG<\/a>\r\n                              <\/h3>\r\n\r\n                                                                <p>Identificar e caracterizar, os equipamentos utilizados e a sua constitui\u00e7\u00e3o no processo<\/p>\r\n                                   \r\n                              <div class=\"course__bottom d-sm-flex align-items-center justify-content-between\">\r\n                                                                                               <\/div>\r\n                           <\/div>\r\n                        <\/div>\r\n                    <\/div>\r\n                                         <div class=\"col-xxl-4 col-xl-4 col-lg-6 col-md-6\">\r\n                        <div class=\"course__item white-bg transition-3 mb-30\">\r\n                                                      <div class=\"course__thumb p-relative w-img fix\">\r\n                                <a href=\"https:\/\/www.novotecna.pt\/novo\/courses\/soldadura-mag-135-136-138\/\">\r\n                                    <img loading=\"lazy\" decoding=\"async\" width=\"300\" height=\"168\" src=\"https:\/\/www.novotecna.pt\/novo\/wp-content\/uploads\/2022\/08\/soldaduramag.jpeg\" class=\"attachment-full size-full wp-post-image\" alt=\"\" \/>                                <\/a>\r\n\r\n                                <div class=\"tutor-course-loop-header-meta\">\r\n                                                                    <\/div>\r\n\r\n                           <\/div>\r\n                           \r\n                           <div class=\"course__content p-relative\">\r\n                                                                                                                        <div class=\"course__tag\">\r\n                                                                    <a href=\"https:\/\/www.novotecna.pt\/novo\/course-category\/aberto\/\">Aberto<\/a>\r\n                                                                    <a href=\"https:\/\/www.novotecna.pt\/novo\/course-category\/cursos-profissionais\/\">Cursos profissionalizantes<\/a>\r\n                                                                    <a href=\"https:\/\/www.novotecna.pt\/novo\/course-category\/soldadura\/\">Escola de Soldadura<\/a>\r\n                                                                    <a href=\"https:\/\/www.novotecna.pt\/novo\/course-category\/nao-financiada\/\">Forma\u00e7\u00e3o n\u00e3o financiada<\/a>\r\n                                                              <\/div>\r\n                                                            \r\n                              <h3 class=\"course__title\">\r\n                                 <a href=\"https:\/\/www.novotecna.pt\/novo\/courses\/soldadura-mag-135-136-138\/\">Soldadura MIG\/MAG &#8211; SOLDADURA MIG\/MAG E POR RESIST\u00caNCIA<\/a>\r\n                              <\/h3>\r\n\r\n                                                                <p>Executar soldadura por arco com el\u00e9trodo consum\u00edvel, sob atmosfera inerte \/ ativa<\/p>\r\n                                   \r\n                              <div class=\"course__bottom d-sm-flex align-items-center justify-content-between\">\r\n                                                                                               <\/div>\r\n                           <\/div>\r\n                        <\/div>\r\n                    <\/div>\r\n                                         <div class=\"col-xxl-4 col-xl-4 col-lg-6 col-md-6\">\r\n                        <div class=\"course__item white-bg transition-3 mb-30\">\r\n                                                      <div class=\"course__thumb p-relative w-img fix\">\r\n                                <a href=\"https:\/\/www.novotecna.pt\/novo\/courses\/iniciacao-a-soldadura\/\">\r\n                                    <img loading=\"lazy\" decoding=\"async\" width=\"1024\" height=\"685\" src=\"https:\/\/www.novotecna.pt\/novo\/wp-content\/uploads\/2022\/08\/soldadura.jpg\" class=\"attachment-full size-full wp-post-image\" alt=\"\" srcset=\"https:\/\/www.novotecna.pt\/novo\/wp-content\/uploads\/2022\/08\/soldadura.jpg 1024w, https:\/\/www.novotecna.pt\/novo\/wp-content\/uploads\/2022\/08\/soldadura-300x201.jpg 300w, https:\/\/www.novotecna.pt\/novo\/wp-content\/uploads\/2022\/08\/soldadura-768x514.jpg 768w\" sizes=\"auto, (max-width: 1024px) 100vw, 1024px\" \/>                                <\/a>\r\n\r\n                                <div class=\"tutor-course-loop-header-meta\">\r\n                                                                    <\/div>\r\n\r\n                           <\/div>\r\n                           \r\n                           <div class=\"course__content p-relative\">\r\n                                                                                                                        <div class=\"course__tag\">\r\n                                                                    <a href=\"https:\/\/www.novotecna.pt\/novo\/course-category\/aberto\/\">Aberto<\/a>\r\n                                                                    <a href=\"https:\/\/www.novotecna.pt\/novo\/course-category\/cursos-profissionais\/\">Cursos profissionalizantes<\/a>\r\n                                                                    <a href=\"https:\/\/www.novotecna.pt\/novo\/course-category\/soldadura\/\">Escola de Soldadura<\/a>\r\n                                                                    <a href=\"https:\/\/www.novotecna.pt\/novo\/course-category\/nao-financiada\/\">Forma\u00e7\u00e3o n\u00e3o financiada<\/a>\r\n                                                              <\/div>\r\n                                                            \r\n                              <h3 class=\"course__title\">\r\n                                 <a href=\"https:\/\/www.novotecna.pt\/novo\/courses\/iniciacao-a-soldadura\/\">Inicia\u00e7\u00e3o \u00e0 Soldadura<\/a>\r\n                              <\/h3>\r\n\r\n                                                                <p><\/p>\r\n                                   \r\n                              <div class=\"course__bottom d-sm-flex align-items-center justify-content-between\">\r\n                                                                                               <\/div>\r\n                           <\/div>\r\n                        <\/div>\r\n                    <\/div>\r\n                                    <\/div>\r\n\r\n                            <\/div>\r\n         <\/section>\r\n\r\n\r\n    \t\r\n       \t\t<\/div>\n\t\t\t\t<\/div>\n\t\t\t\t\t<\/div>\n\t\t<\/div>\n\t\t\t\t\t\t\t<\/div>\n\t\t<\/section>\n\t\t\t\t\t<\/div>\n\t\t<\/div>\n\t\t\t\t\t\t\t<\/div>\n\t\t<\/section>\n\t\t\t\t\t\t\t<\/div>\n\t\t","protected":false},"excerpt":{"rendered":"<p>Forma\u00e7\u00e3o Escola T\u00e9cnico Profissional de Soldadura A Novotecna realiza nas suas instala\u00e7\u00f5es cursos em diversas \u00e1reas de interesse e com elevada aplicabilidade pr\u00e1tica. O intuito destas iniciativas \u00e9 fazer com que os participantes levem destas forma\u00e7\u00f5es ferramentas \u00fateis ao desempenho de uma nova profiss\u00e3o, ou at\u00e9 mesmo para enriquecimento pessoal\/profissional na \u00e1rea. Aberto Escola de [&hellip;]<\/p>\n","protected":false},"author":1,"featured_media":0,"parent":0,"menu_order":0,"comment_status":"closed","ping_status":"closed","template":"elementor_header_footer","meta":{"footnotes":""},"class_list":["post-1173","page","type-page","status-publish","hentry"],"acf":[],"_links":{"self":[{"href":"https:\/\/www.novotecna.pt\/novo\/wp-json\/wp\/v2\/pages\/1173","targetHints":{"allow":["GET"]}}],"collection":[{"href":"https:\/\/www.novotecna.pt\/novo\/wp-json\/wp\/v2\/pages"}],"about":[{"href":"https:\/\/www.novotecna.pt\/novo\/wp-json\/wp\/v2\/types\/page"}],"author":[{"embeddable":true,"href":"https:\/\/www.novotecna.pt\/novo\/wp-json\/wp\/v2\/users\/1"}],"replies":[{"embeddable":true,"href":"https:\/\/www.novotecna.pt\/novo\/wp-json\/wp\/v2\/comments?post=1173"}],"version-history":[{"count":17,"href":"https:\/\/www.novotecna.pt\/novo\/wp-json\/wp\/v2\/pages\/1173\/revisions"}],"predecessor-version":[{"id":1842,"href":"https:\/\/www.novotecna.pt\/novo\/wp-json\/wp\/v2\/pages\/1173\/revisions\/1842"}],"wp:attachment":[{"href":"https:\/\/www.novotecna.pt\/novo\/wp-json\/wp\/v2\/media?parent=1173"}],"curies":[{"name":"wp","href":"https:\/\/api.w.org\/{rel}","templated":true}]}}