{"id":1191,"date":"2022-08-04T15:25:08","date_gmt":"2022-08-04T14:25:08","guid":{"rendered":"https:\/\/cetec.pt\/novo\/?page_id=1191"},"modified":"2022-08-04T15:29:32","modified_gmt":"2022-08-04T14:29:32","slug":"politica-de-privacidade-e-uso-de-cookies","status":"publish","type":"page","link":"https:\/\/www.novotecna.pt\/novo\/politica-de-privacidade-e-uso-de-cookies\/","title":{"rendered":"Pol\u00edtica de privacidade e uso de cookies"},"content":{"rendered":"<div>\n<div>\n<div>\n<div>\n<div>\n<div>\n<div>\n<div>\n<h1>POL\u00cdTICA DE PRIVACIDADE E USO DE COOKIES<\/h1>\n<pre>Vers\u00e3o: V3 \/ Data de publica\u00e7\u00e3o: 04 de Agosto de 2022.<\/pre>\n<h5>1. INTRODU\u00c7\u00c3O<\/h5>\n<p>A NOVOTECNA ( http:\/\/www.novotecna.pt\/ ) agradece a sua confian\u00e7a. Somos uma entidade sediada em Coimbra destinada ao incentivo do empreendedorismo. Por favor, leia a nossa Pol\u00edtica de Privacidade e Informa\u00e7\u00e3o de Cookies, provendo o seu consentimento informado para ambos os documentos de forma a ter permiss\u00e3o para a utiliza\u00e7\u00e3o deste website e nossos servi\u00e7os.<\/p>\n<\/div>\n<\/div>\n<\/div>\n<\/div>\n<\/div>\n<\/div>\n<\/div>\n<div>\n<div>\n<div>\n<div>\n<div>\n<div>\n<div>\n<h5>2. RECOLHA E TRATAMENTO DE DADOS<\/h5>\n<h6>QUEM SOMOS<\/h6>\n<p>A NOVOTECNA \u2013 Associa\u00e7\u00e3o para o Desenvolvimento Tecnol\u00f3gico \u00e9 uma associa\u00e7\u00e3o sem fins lucrativos, constitu\u00edda em janeiro de 1989, que realiza atividades formativas na \u00e1rea das novas tecnologias, desde outubro de 1991, em Coimbra, Viseu, Pombal, Leiria, Guarda e \u00c1gueda, sendo acreditada como entidade formadora desde 1998.<\/p>\n<p>Procuramos dar a conhecer a ess\u00eancia da Novotecna como entidade promotora de a\u00e7\u00f5es formativas ligadas ao desenvolvimento empresarial e ao desenvolvimento de projetos de coopera\u00e7\u00e3o com a comunidade, bem como de oportunidades de v\u00e1rios n\u00edveis.<\/p>\n<p>Estamos sediados na Rua Coronel J\u00falio Veiga Sim\u00e3o, 3025-307 \u2013 Coimbra \u2013 Portugal, e podemos ser contatados pelo e-mail geral@novotecna.pt, pelo telefone 00 351 239 497 730 e pelo 00 351 239 497 739.<\/p>\n<h6>ONDE OS SEUS DADOS SER\u00c3O GUARDADOS DE FORMA ELETR\u00d3NICA<\/h6>\n<p>Os seus dados ser\u00e3o guardados em nossos servidores que s\u00e3o disponibilizados por uma empresa de hospedagem de sites. Para mais informa\u00e7\u00f5es sobe a pol\u00edtica de prote\u00e7\u00e3o de dados da nossa empresa de hospedagem, por favor veja: Pol\u00edtica de privacidade da Dominios.pt.<\/p>\n<p>Os seus dados poder\u00e3o ser recolhidos, guardados e\/ou tratados em ferramentas tais como Google Spreed Sheets e Google Forms, ferramentas da Google Inc. Para mais informa\u00e7\u00f5es sobre a pol\u00edtica de prote\u00e7\u00e3o de dados da Google Inc, por favor veja: https:\/\/policies.google.com\/privacy?hl=pt-PT&amp;fg=1<\/p>\n<h6>DADOS RECOLHIDOS DE FORMA ATIVA<\/h6>\n<p>Recolhemos, guardamos e processamos dados fornecidos por si de forma ativa. Efetuamos a recolha de seus dados quando: Registra-se em nosso site; Responder a um inqu\u00e9rito; Subscrever uma lista de e-mail; Inscrever-se num evento, webinar, semin\u00e1rio, forma\u00e7\u00e3o ou outro tipo de atividade que exige inscri\u00e7\u00e3o; Publica um coment\u00e1rio; e Envia ou responde a um e-mail. Em todas essas situa\u00e7\u00f5es os seus dados ser\u00e3o recolhidos, processados e usados para o fim a que se destinam. Sendo que no m\u00ednimo iremos recolher um nome e um e-mail, mas poder\u00e1 ser incluso outras informa\u00e7\u00f5es adicionais tais como endere\u00e7o, n\u00famero de identifica\u00e7\u00e3o fiscal, telefone, entre outros. O utilizador tem o direito de ver, editar e remover esses dados a qualquer momento, bastando solicitar.<\/p>\n<h6>PROCESSAMENTO DE DADOS<\/h6>\n<p>O tratamento e eventual processamento dos dados pessoais \u00e9 da responsabilidade da NOVOTECNA e consiste na opera\u00e7\u00e3o ou no conjunto de opera\u00e7\u00f5es efetuados sobre aqueles dados pessoais, por meios automatizados ou n\u00e3o automatizados, tais como: Recolha; Registo e conserva\u00e7\u00e3o; Organiza\u00e7\u00e3o; Adapta\u00e7\u00e3o ou altera\u00e7\u00e3o; Consulta e utiliza\u00e7\u00e3o; Divulga\u00e7\u00e3o, independentemente da forma de disponibiliza\u00e7\u00e3o; Compara\u00e7\u00e3o ou interconex\u00e3o; e Limita\u00e7\u00e3o, apagamento ou destrui\u00e7\u00e3o.<\/p>\n<h6>CONSENTIMENTO DE USO DE DADOS PESSOAIS<\/h6>\n<p>A NOVOTECNA requer ao titular de dados pessoais, em todos os casos, o seu consentimento livre, espec\u00edfico, informado e expl\u00edcito para a recolha, processamento, tratamento e guarda dos respetivos dados, mediante modelos criados caso a caso, consoante o tipo e extens\u00e3o concretos do referido tratamento. A itera\u00e7\u00e3o com este Website e o fornecimento de dados pessoais pressup\u00f5e a leitura e aceita\u00e7\u00e3o deste documento.<\/p>\n<h6><u>DO CONSENTIMENTO DE MENORES<\/u><\/h6>\n<p>Nos termos do artigo 8\u00ba do RGPD, os dados pessoais de menores s\u00f3 podem ser objeto de tratamento com base no consentimento previsto na al\u00ednea a) do n\u00ba 1 do artigo 6\u00ba do RGPD e relativo a\u0300 oferta direta de servi\u00e7os da sociedade de informa\u00e7\u00e3o quando os mesmos j\u00e1 tenham completado 13 (treze) anos de idade.<\/p>\n<p>Caso o menor tenha idade inferior a 13 (treze) anos, o tratamento s\u00f3 e\u0301 l\u00edcito se o consentimento for dado pelos seus representantes legais, preferencialmente com recurso a meios de autentica\u00e7\u00e3o segura, como o Cart\u00e3o de Cidad\u00e3o ou a Chave M\u00f3vel Digital.<\/p>\n<h6>RESPONSABILIDADE DA RECOLHA, PROCESSAMENTO E USO DE DADOS PESSOAIS<\/h6>\n<p>A NOVOTECNA cumpre as regras previstas para o tratamento de dados pessoais, previstas no Regulamento (UE) 2016\/679, do Parlamento Europeu e do Conselho de 27 de abril de 2016 (doravante, RGPD), sem preju\u00edzo de toda a legisla\u00e7\u00e3o de base nacional \u00e0 qual se encontra vinculado.<\/p>\n<p>A NOVOTECNA \u00e9 respons\u00e1vel pelo tratamento dos dados pessoais, por meios automatizados ou n\u00e3o, desde a sua recolha, organiza\u00e7\u00e3o, conserva\u00e7\u00e3o at\u00e9 \u00e0 elimina\u00e7\u00e3o.<\/p>\n<h6>FINALIDADE E FUNDAMENTA\u00c7\u00c3O PARA A RECOLHA, PROCESSAMENTO E USO DOS DADOS PESSOAIS.<\/h6>\n<p>Os dados pessoais ser\u00e3o apenas tratados com vista a um conjunto de finalidades determinadas, considerando igualmente um conjunto de fundamentos legais para esse tratamento, dentre os quais se incluem: Prossecu\u00e7\u00e3o dos objetivos e finalidades estatut\u00e1rias da NOVOTECNA; Cumprimento de legisla\u00e7\u00e3o em vigor e de todos os demais imperativos legais; Deveres legais de conserva\u00e7\u00e3o e integridade de documenta\u00e7\u00e3o; Realiza\u00e7\u00e3o de dilig\u00eancias pr\u00e9-contratuais; Prepara\u00e7\u00e3o de candidaturas e projetos; Cumprimento de contratos dos quais a NOVOTECNA \u00e9 parte;\u00a0 Cumprimento de projetos dos quais a NOVOTECNA \u00e9 benefici\u00e1rio; Reporte e auditoria a projetos e atividades objeto de financiamento por recursos de natureza p\u00fablica; Cumprimento de certifica\u00e7\u00f5es de Qualidade; Controlo e registo de uso de instala\u00e7\u00f5es e equipamentos; Seguran\u00e7a e integridade de instala\u00e7\u00f5es e equipamentos; Interven\u00e7\u00e3o enquanto subcontratante, na ace\u00e7\u00e3o do disposto no ponto 8 do Artigo 4\u00ba do RGPD.<\/p>\n<h6>INTERA\u00c7\u00c3O ATIVA ATRAV\u00c9S DE INCLUS\u00c3O DE COMENT\u00c1RIOS NO SITE<\/h6>\n<p>Quando o utilizador deixar coment\u00e1rios no website, iremos coletar dados como: Data, Hora, IP, meta-dados enviados automaticamente pelo Browser\/Sistema Operativo\/Plug-ins, String de verifica\u00e7\u00e3o anti-spam, t\u00edtulo e mensagem.<\/p>\n<h6>FORMUL\u00c1RIOS<\/h6>\n<p>Quando o utilizador preencher formul\u00e1rios disponibilizados no site, iremos coletar dados como: Data, Hora, IP, meta-dados enviados automaticamente pelo Browser\/Sistema Operativo\/Plug-ins, String de verifica\u00e7\u00e3o anti-spam e campos preenchidos do formul\u00e1rio, incluido ficheiros, imagens, sons e v\u00eddeos que tenham sido anexados pelo utilizador de forma ativa. Os formul\u00e1rios poder\u00e3o incluir clausulas adicionais que passam a fazer parte deste documento, relativamente a especificidade do uso dos dados recolhidos na intera\u00e7\u00e3o com o formul\u00e1rio em quest\u00e3o.<\/p>\n<h6>GOOGLE ANALYTICS<\/h6>\n<p>N\u00f3s usamos o Google Analytics em nosso site de forma a obter an\u00e1lise do uso do mesmo. Tal \u00e9 feita de forma a n\u00e3o identificar um utilizador de forma espec\u00edfica. Ent\u00e3o, nenhum dado que permita a essa personaliza\u00e7\u00e3o \u00e9 guardado. Contudo, se pretender, poder\u00e1 optar por n\u00e3o ser seguido pelo google utilizando este link:\u00a0<a href=\"https:\/\/tools.google.com\/dlpage\/gaoptout\/\" target=\"_blank\" rel=\"noopener noreferrer\">Google Analytics Opt-out<\/a>.<\/p>\n<h6>PRAZOS PARA CONSERVA\u00c7\u00c3O DE DADOS PESSOAIS<\/h6>\n<p>Os dados pessoais ser\u00e3o conservados por um per\u00edodo de tempo definido por norma legal ou regulamentar ou, na falta desta, pelo per\u00edodo que se revele necess\u00e1rio para a prossecu\u00e7\u00e3o da respetiva finalidade pela qual foram recolhidos, tendo em considera\u00e7\u00e3o os fundamentos legais para o tratamento acima referidos, bem como todos os requisitos e prazos legalmente definidos, designadamente os prazos de prescri\u00e7\u00e3o dos direitos correspetivos. Em conformidade, em todos os casos em que existe um prazo de conserva\u00e7\u00e3o de dados imposto por lei, s\u00f3 pode ser exercido o direito a remo\u00e7\u00e3o previsto no artigo 17\u00ba do RGPD findo esse prazo.<\/p>\n<p>A NOVOTECNA garante a conserva\u00e7\u00e3o dos dados pessoais pelo per\u00edodo estritamente necess\u00e1rio ao cumprimento da finalidade do seu espec\u00edfico tratamento, assim como a sua elimina\u00e7\u00e3o (ou anonimiza\u00e7\u00e3o, se e quando aplic\u00e1vel\/necess\u00e1rio) imediatamente ap\u00f3s transcorrido aquele per\u00edodo e\/ou mediante solicita\u00e7\u00e3o do respetivo titular, considerando sempre e em todos os casos os referidos requisitos e prazos legalmente definidos.<\/p>\n<h6>DIREITOS DO TITULAR DOS DADOS PESSOAIS<\/h6>\n<p>O titular dos dados tem o direito de, a todo o tempo e gratuitamente, requerer a NOVOTECNA: O acesso, retifica\u00e7\u00e3o, portabilidade, corre\u00e7\u00e3o, oposi\u00e7\u00e3o, limita\u00e7\u00e3o de uso e tratamento ou elimina\u00e7\u00e3o dos seus dados pessoais;<\/p>\n<p>Em caso que exista norma ou obriga\u00e7\u00e3o legalmente imposta que se sobreponha a estes direitos, a NOVOTECNA reserva o direito de n\u00e3o executar o pedido (ou deste pedido ser objeto de restri\u00e7\u00f5es ou condicionamentos, se e quando aplic\u00e1vel), indicando sempre e em todos os casos o respetivo fundamento ao titular interessado.<\/p>\n<p>A NOVOTECNA poder\u00e1 tamb\u00e9m optar por eliminar totalmente e de forma permanente os dados pessoais fornecidos, sem necessidade de informar o titular dos mesmos.<\/p>\n<p>O titular dos dados pessoais poder\u00e1 apresentar qualquer reclama\u00e7\u00e3o junto da Comiss\u00e3o Nacional de Prote\u00e7\u00e3o de Dados (doravante, CNPD), na qualidade de Autoridade de Controlo em Portugal, tal como definida nos n\u00fameros 21 e 22 do artigo 4\u00ba e no artigo 51\u00ba do RGPD.<\/p>\n<h6>ACESSO DE DADOS PESSOAIS A TERCEIROS, SUBCONTRATANTES E ENTIDADE PARCEIRAS<\/h6>\n<h6><u>DA TRANSMISS\u00c3O A TERCEIROS<\/u><\/h6>\n<p>A NOVOTECNA, no decurso da sua atividade, poder\u00e1 transmitir dados pessoais que se encontrem na sua posse a terceiras entidades, definidas nos termos do n\u00famero 10 do artigo 4\u00ba do RGPD, em cumprimento de deveres legais, regulamentares, pr\u00e9-contratuais ou contratuais, designadamente a autoridades de natureza p\u00fablica respons\u00e1veis por atribui\u00e7\u00f5es de controlo e auditoria e\/ou a parceiros de atividades, projetos ou servi\u00e7os, conquanto tal seja imposto por lei ou regulamento ou indispens\u00e1vel \u00e0 prossecu\u00e7\u00e3o das suas atividades.<\/p>\n<p>Para o efeito, a NOVOTECNA requerer\u00e1 o competente e pr\u00e9vio consentimento aos titulares dos dados pessoais objeto deste tipo de tratamento, respeitando todos os requisitos previstos no RGPD para o efeito.<\/p>\n<h6><u>DA INTERVEN\u00c7\u00c3O DE SUBCONTRATANTES<\/u><\/h6>\n<p>A NOVOTECNA, no decurso da sua atividade, poder\u00e1 subcontratar terceiras entidades (tal como definidas no n\u00famero 8 do artigo 4\u00ba do RGPD) para tratar dados pessoais por sua conta. Caso tal venha a suceder, a NOVOTECNA requerer\u00e1 o competente e pr\u00e9vio consentimento aos titulares dos dados pessoais objeto deste tipo de tratamento, respeitando todos os requisitos previstos no RGPD para o efeito.<\/p>\n<\/div>\n<\/div>\n<\/div>\n<\/div>\n<\/div>\n<\/div>\n<\/div>\n<div>\n<div>\n<div>\n<div>\n<div>\n<div>\n<div>\n<h5>3. CONTE\u00daDO LIGADO EM SITES DE TERCEIROS<\/h5>\n<p>Algumas p\u00e1ginas deste website poder\u00e3o incluir conte\u00fado que \u00e9 fornecido por sites terceiros, por exemplo, mas n\u00e3o limitando, v\u00eddeos no Youtube, Imagens do Instagram, Texto do Twitter, entre outras op\u00e7\u00f5es. Este conte\u00fado ter\u00e1 o tratamento similar caso o utilizador tenha o acedido diretamente do site terceiro e estar\u00e1 a ser regido pela pol\u00edtica de privacidade e cookies do site de origem deste conte\u00fado. Tal pol\u00edtica de privacidade e cookies poder\u00e1 ser mais restritiva ou abrangente que a nossa pol\u00edtica de privacidade e cookies e as quais n\u00e3o temos qualquer controle sobre. Recomendamos que leia e informe-se sobre a pol\u00edtica de privacidade e cookies deste sites terceiros.<\/p>\n<p>Este sites terceiros poder\u00e3o recolher dados sobre o utilizador, utilizar cookies e adicionar ferramentas de tracking de terceiros as quais n\u00e3o temos qualquer controle. Essas ferramentas de sites terceiros poder\u00e3o monitorizar e seguir a sua intera\u00e7\u00e3o com esses conte\u00fados terceiros bem como poder\u00e3o o identificar se possuir uma conta num desses sites. Segue abaixo uma lista de sites cujo conte\u00fado poder\u00e1 ser adicionado a este site:<\/p>\n<h6>FACEBOOK<\/h6>\n<p><a href=\"https:\/\/www.facebook.com\/privacy\/\" target=\"_blank\" rel=\"noopener noreferrer\">Facebook Privacy Policy\u00a0<\/a>.<\/p>\n<h6>TWITTER<\/h6>\n<p><a href=\"https:\/\/twitter.com\/privacy\" target=\"_blank\" rel=\"noopener noreferrer\">Twitter Privacy Policy\u00a0<\/a>.<\/p>\n<h6>YOUTUBE<\/h6>\n<p><a href=\"https:\/\/www.youtube.com\/static?template=privacy_guidelines\" target=\"_blank\" rel=\"noopener noreferrer\">YouTube Privacy Policy<\/a>.<\/p>\n<h6>IMPORTANTE! ESTE WEBSITE UTILIZA CDN, CONTENT DELIVERY NETWORK, REDE DE FORNECIMENTO DE CONTE\u00daDO.<\/h6>\n<p>O CDN permite melhorar a experi\u00eancia do utilizador, aumentando a velocidade de carregamento de p\u00e1ginas a buscar alguns elementos est\u00e1ticos deste website tais como, mas n\u00e3o limitado, Fontes, Ficheiros JavaScript, Imagens, PDFs, V\u00eddeos, Imagens, Sons entre outros. A desativa\u00e7\u00e3o desta fun\u00e7\u00f5es colocam em causa a funcionalidade deste website.\u00a0Este servidores de CDN s\u00e3o administrados por terceiros e regidos por uma pol\u00edtica de privacidade e cookies que poder\u00e1 ser mais restritiva ou abrangente que a nossa pol\u00edtica de privacidade e cookies e as quais n\u00e3o temos qualquer controle sobre. Recomendamos que leia e informe-se sobre a pol\u00edtica de privacidade e cookies deste sites terceiros.<\/p>\n<h6>GOOGLE FONTS<\/h6>\n<p>https:\/\/www.google.com\/intl\/en\/policies\/privacy\/<\/p>\n<h6>CLOUDFLARE<\/h6>\n<p>https:\/\/www.cloudflare.com\/privacypolicy\/<\/p>\n<h6>FONTAWESOME<\/h6>\n<p>https:\/\/fontawesome.com\/privacy<\/p>\n<h6>GOOGLE CLOUD CDN \/ GSTATIC<\/h6>\n<p>https:\/\/www.google.com\/intl\/en\/policies\/privacy\/<\/p>\n<h6>GOOGLE APIS<\/h6>\n<p>https:\/\/www.google.com\/intl\/en\/policies\/privacy\/<\/p>\n<h6>GRAVATAR<\/h6>\n<p><a href=\"https:\/\/automattic.com\/privacy\/\">Privacy\u00a0Policy<\/a><\/p>\n<h6>WORDPRESS<\/h6>\n<p><iframe loading=\"lazy\" title=\"\u201cPrivacy Policy\u201d \u2014 WordPress.org\" src=\"https:\/\/wordpress.org\/about\/privacy\/embed\/#?secret=TK0kzi65nM#?secret=KGpBjLgJnn\" width=\"600\" height=\"235\" frameborder=\"0\" marginwidth=\"0\" marginheight=\"0\" scrolling=\"no\" sandbox=\"allow-scripts\" data-secret=\"KGpBjLgJnn\" data-last-width=\"840\" data-mce-fragment=\"1\"><\/iframe><\/p>\n<\/div>\n<\/div>\n<\/div>\n<\/div>\n<\/div>\n<\/div>\n<\/div>\n<\/div>\n<div>\n<div>\n<div>\n<div>\n<div>\n<div>\n<div>\n<div>\n<h5>4. USO DE COOKIES<\/h5>\n<p>Este sites usa cookies. Cookies s\u00e3o pequenos ficheiros texto que de modo geral s\u00e3o guardados no dispositivo que utiliza para aceder este site e que nos ajuda a lhe prestar uma melhor experi\u00eancia na utiliza\u00e7\u00e3o do mesmo. No geral os cookies retem informa\u00e7\u00f5es relativamente as prefer\u00eancias do utilizador, guardam informa\u00e7\u00e3o de intera\u00e7\u00f5es passadas e s\u00e3o utilizados para a recolha de forna an\u00f3nima de dados de utiliza\u00e7\u00e3o incluindo para ferramentas terceiras como o Google Analytics. Os Cookies geralmente existem para tornar a sua experi\u00eancia melhor, contudo, o utilizador poder\u00e1 desativar os cookies neste website. A forma mais efetiva de o fazer \u00e9 desativar diretamente no seu browser. N\u00f3s sugerimos consultar o espa\u00e7o de ajuda do seu browser.<\/p>\n<h6>COOKIES NECESS\u00c1RIOS (TODOS OS UTILIZADORES)<\/h6>\n<ul>\n<li><b>cfduid:<\/b>\u00a0\u00c9 usado pelo nosso CDN CloudFlare para identificar clientes individuais sob o mesmo endere\u00e7o IP e aplicando as configura\u00e7\u00f5es de seguran\u00e7a. Veja mais informa\u00e7\u00f5es de prinacidade da CloudFlare:\u00a0<a href=\"https:\/\/www.cloudflare.com\/privacypolicy\/\" target=\"_blank\" rel=\"noopener noreferrer\">CloudFlare Privacy Policy<\/a>.<\/li>\n<li><b>PHPSESSID:<\/b>\u00a0Para identificar a sua sess\u00e3o \u00fanica neste website.<\/li>\n<\/ul>\n<h6>COOKIES NECESS\u00c1RIOS (UTILIZADORES AUTENTICADOS)<\/h6>\n<ul>\n<li><b>wp-auth:<\/b>\u00a0Utilizado pelo WordPress para autenticar utilizadores que efetuem login neste website.<\/li>\n<li><b>wordpress_logged_in_{hash}:<\/b>\u00a0Usado pelo WordPress para autenticar utilizadores que efetuem login neste website.<\/li>\n<li><b>wordpress_test_cookie<\/b>\u00a0Usado pelo WordPress para asegurar que os cokkies est\u00e3o a funcionar corretamente.<\/li>\n<li><b>wp-settings-[UID]:<\/b>\u00a0O WordPress define alguns cookies wp-settings-[UID]. O n\u00famero descrito no fim \u00e9 o seu ID individual em nossa tabela de utilizadores na base de dados. Isto \u00e9 usado para customizar a sua interface de utilizador.<\/li>\n<li><b>wp-settings-[UID]:\u00a0<\/b>O WordPress define alguns cookies wp-settings-{time}-[UID]. O n\u00famero no fim \u00e9 o seu ID individual em nossa tabela de utilizadores na base de dados. Isto \u00e9 usado para customizar a sua interface de utilizador.<\/li>\n<\/ul>\n<h6>COOKIES ANALYTICS<\/h6>\n<p>Este website utiliza o Google Analytics para an\u00e1lise de performance do site e de nossas campanhas de marketing, de forma a melhorar a sua usabilidade, conte\u00fado, performance e apresentar conte\u00fado mais relevante para os utilizadores. Para tal, a ferramente Google Analytics utiliza cookies e ferramentas an\u00f3nimas de tracking.<\/p>\n<p>Toda a descri\u00e7\u00e3o t\u00e9cnica de como essa ferramenta funciona,encontra-se neste website: https:\/\/developers.google.com\/analytics\/devguides\/collection\/gtagjs\/cookie-usage onde encontram-se descritos os ficheiros JavaScript que s\u00e3o ligados atrav\u00e9s de um servidor de terceiros e respectivos cookies que podem vir a ser instalados no dispositivo que o utilizador utiliza para aceder a este website. Tais ficheiros e cookies s\u00e3o regidos por uma pol\u00edtica de privacidade e cookies de terceiros que poder\u00e1 ser restritiva ou abrangente que a nossa e a qual n\u00e3o possuimos qualquer controle.<\/p>\n<p>Pol\u00edtica de privacidade e cookies do Google Analytics: https:\/\/policies.google.com\/technologies\/cookies?hl=en-US<\/p>\n<\/div>\n<\/div>\n<\/div>\n<\/div>\n<\/div>\n<\/div>\n<\/div>\n<\/div>\n<div>\n<div>\n<div>\n<div>\n<div>\n<div>\n<div>\n<div>\n<h5>5. MEDIDAS DE SEGURAN\u00c7A<\/h5>\n<p>N\u00f3s usamos o protocolo SSL\/HTTPS em nosso site. Isso ir\u00e1 encriptar toda a comunica\u00e7\u00e3o entre os utilizadores e nossos servidores de forma a que este conte\u00fado n\u00e3o possa ser interceptados por terceiros n\u00e3o autorizados.<\/p>\n<p>Em caso de viola\u00e7\u00e3o ou intercepta\u00e7\u00e3o dos dados, os administradores deste website tomar\u00e3o todas as medidas para garantir a seguran\u00e7a e integridade, bem como entrar em contato com utilizadores que possam ter sido afetados.<\/p>\n<\/div>\n<\/div>\n<\/div>\n<\/div>\n<\/div>\n<\/div>\n<\/div>\n<\/div>\n<div>\n<div>\n<div>\n<div>\n<div>\n<div>\n<div>\n<div>\n<h5>6. DISPOSI\u00c7\u00d5ES FINAIS<\/h5>\n<p>O titular dos dados pessoais poder\u00e1 exercer os seus direitos de retifica\u00e7\u00e3o, modifica\u00e7\u00e3o ou cancelamento daqueles dados ou solicitar qualquer informa\u00e7\u00e3o respeitante ao seu tratamento mediante solicita\u00e7\u00e3o escrita dirigida a NOVOTECNA para a morada indicada em 2 ou para o endere\u00e7o eletr\u00f3nico GERAL@NOVOTECNA.PT.<\/p>\n<p>A NOVOTECNA poder\u00e1, em qualquer altura e sem necessidade de aviso pr\u00e9vio, alterar a presente Pol\u00edtica, designadamente em virtude de necessidade da sua adapta\u00e7\u00e3o a eventuais altera\u00e7\u00f5es legislativas ou a recomenda\u00e7\u00f5es da CNPD, caso em que a NOVOTECNA disponibilizar\u00e1 as altera\u00e7\u00f5es introduzidas, em \u00e1rea acess\u00edvel a todos os seus utilizadores.<\/p>\n<\/div>\n<\/div>\n<\/div>\n<\/div>\n<\/div>\n<\/div>\n<\/div>\n<\/div>\n","protected":false},"excerpt":{"rendered":"<p>POL\u00cdTICA DE PRIVACIDADE E USO DE COOKIES Vers\u00e3o: V3 \/ Data de publica\u00e7\u00e3o: 04 de Agosto de 2022. 1. INTRODU\u00c7\u00c3O A NOVOTECNA ( http:\/\/www.novotecna.pt\/ ) agradece a sua confian\u00e7a. Somos uma entidade sediada em Coimbra destinada ao incentivo do empreendedorismo. Por favor, leia a nossa Pol\u00edtica de Privacidade e Informa\u00e7\u00e3o de Cookies, provendo o seu [&hellip;]<\/p>\n","protected":false},"author":1,"featured_media":0,"parent":0,"menu_order":0,"comment_status":"closed","ping_status":"closed","template":"","meta":{"footnotes":""},"class_list":["post-1191","page","type-page","status-publish","hentry"],"acf":[],"_links":{"self":[{"href":"https:\/\/www.novotecna.pt\/novo\/wp-json\/wp\/v2\/pages\/1191","targetHints":{"allow":["GET"]}}],"collection":[{"href":"https:\/\/www.novotecna.pt\/novo\/wp-json\/wp\/v2\/pages"}],"about":[{"href":"https:\/\/www.novotecna.pt\/novo\/wp-json\/wp\/v2\/types\/page"}],"author":[{"embeddable":true,"href":"https:\/\/www.novotecna.pt\/novo\/wp-json\/wp\/v2\/users\/1"}],"replies":[{"embeddable":true,"href":"https:\/\/www.novotecna.pt\/novo\/wp-json\/wp\/v2\/comments?post=1191"}],"version-history":[{"count":3,"href":"https:\/\/www.novotecna.pt\/novo\/wp-json\/wp\/v2\/pages\/1191\/revisions"}],"predecessor-version":[{"id":1196,"href":"https:\/\/www.novotecna.pt\/novo\/wp-json\/wp\/v2\/pages\/1191\/revisions\/1196"}],"wp:attachment":[{"href":"https:\/\/www.novotecna.pt\/novo\/wp-json\/wp\/v2\/media?parent=1191"}],"curies":[{"name":"wp","href":"https:\/\/api.w.org\/{rel}","templated":true}]}}