{"id":1943,"date":"2024-11-08T17:42:22","date_gmt":"2024-11-08T16:42:22","guid":{"rendered":"https:\/\/www.novotecna.pt\/novo\/?page_id=1943"},"modified":"2025-07-07T16:24:45","modified_gmt":"2025-07-07T15:24:45","slug":"formacao-acao-2030","status":"publish","type":"page","link":"https:\/\/www.novotecna.pt\/novo\/formacao-acao-2030\/","title":{"rendered":"Forma\u00e7\u00e3o-A\u00e7\u00e3o 2030"},"content":{"rendered":"\t\t<div data-elementor-type=\"wp-page\" data-elementor-id=\"1943\" class=\"elementor elementor-1943\" data-elementor-post-type=\"page\">\n\t\t\t\t\t\t\t\t\t<section class=\"elementor-section elementor-top-section elementor-element elementor-element-65f0770 elementor-section-boxed elementor-section-height-default elementor-section-height-default\" data-id=\"65f0770\" data-element_type=\"section\">\n\t\t\t\t\t\t<div class=\"elementor-container elementor-column-gap-default\">\n\t\t\t\t\t<div class=\"elementor-column elementor-col-100 elementor-top-column elementor-element elementor-element-02698de\" data-id=\"02698de\" data-element_type=\"column\">\n\t\t\t<div class=\"elementor-widget-wrap elementor-element-populated\">\n\t\t\t\t\t\t\t\t<div class=\"elementor-element elementor-element-ae80ac8 elementor-widget elementor-widget-tp-heading\" data-id=\"ae80ac8\" data-element_type=\"widget\" data-widget_type=\"tp-heading.default\">\n\t\t\t\t<div class=\"elementor-widget-container\">\n\t\t\t\r\n\t\t\t\r\n\r\n                    <div class=\"section__title-wrapper tp-el-content\">\r\n                    \r\n                <span class=\"section__title-pre tp-el-subtitle\">\r\n                    Forma\u00e7\u00e3o A\u00e7\u00e3o                <\/span>\r\n                                <h2 class=\"section__title section__title-44 tp-el-title\">Forma\u00e7\u00e3o e Consultoria Empresarial <br>Financiada para Empresas<\/h2>\r\n                                    <p>A Forma\u00e7\u00e3o-A\u00e7\u00e3o tem como objetivo intensificar a forma\u00e7\u00e3o dos empres\u00e1rios e gestores para a reorganiza\u00e7\u00e3o e melhoria das capacidades de gest\u00e3o, assim como dos trabalhadores das empresas, apoiada em tem\u00e1ticas associadas \u00e0 inova\u00e7\u00e3o e mudan\u00e7a, atrav\u00e9s da realiza\u00e7\u00e3o de a\u00e7\u00f5es de forma\u00e7\u00e3o e consultoria espec\u00edficas.\n\n<\/p>\r\n                            <\/div>\r\n        \r\n        \r\n        \t\t<\/div>\n\t\t\t\t<\/div>\n\t\t\t\t<div class=\"elementor-element elementor-element-263194d elementor-widget elementor-widget-image\" data-id=\"263194d\" data-element_type=\"widget\" data-widget_type=\"image.default\">\n\t\t\t\t<div class=\"elementor-widget-container\">\n\t\t\t<style>\/*! elementor - v3.14.0 - 18-06-2023 *\/\n.elementor-widget-image{text-align:center}.elementor-widget-image a{display:inline-block}.elementor-widget-image a img[src$=\".svg\"]{width:48px}.elementor-widget-image img{vertical-align:middle;display:inline-block}<\/style>\t\t\t\t\t\t\t\t\t\t\t\t<img loading=\"lazy\" decoding=\"async\" width=\"640\" height=\"360\" src=\"https:\/\/www.novotecna.pt\/novo\/wp-content\/uploads\/2025\/07\/Azul-e-Cinza-Proposta-Tradicional-Executiva-de-Imobiliaria-Missao-e-Metas-Apresentacao-5-1024x576.jpg\" class=\"attachment-large size-large wp-image-2202\" alt=\"\" srcset=\"https:\/\/www.novotecna.pt\/novo\/wp-content\/uploads\/2025\/07\/Azul-e-Cinza-Proposta-Tradicional-Executiva-de-Imobiliaria-Missao-e-Metas-Apresentacao-5-1024x576.jpg 1024w, https:\/\/www.novotecna.pt\/novo\/wp-content\/uploads\/2025\/07\/Azul-e-Cinza-Proposta-Tradicional-Executiva-de-Imobiliaria-Missao-e-Metas-Apresentacao-5-300x169.jpg 300w, https:\/\/www.novotecna.pt\/novo\/wp-content\/uploads\/2025\/07\/Azul-e-Cinza-Proposta-Tradicional-Executiva-de-Imobiliaria-Missao-e-Metas-Apresentacao-5-768x432.jpg 768w, https:\/\/www.novotecna.pt\/novo\/wp-content\/uploads\/2025\/07\/Azul-e-Cinza-Proposta-Tradicional-Executiva-de-Imobiliaria-Missao-e-Metas-Apresentacao-5-1536x864.jpg 1536w, https:\/\/www.novotecna.pt\/novo\/wp-content\/uploads\/2025\/07\/Azul-e-Cinza-Proposta-Tradicional-Executiva-de-Imobiliaria-Missao-e-Metas-Apresentacao-5.jpg 1920w\" sizes=\"auto, (max-width: 640px) 100vw, 640px\" \/>\t\t\t\t\t\t\t\t\t\t\t\t\t\t\t<\/div>\n\t\t\t\t<\/div>\n\t\t\t\t<div class=\"elementor-element elementor-element-a686320 elementor-widget elementor-widget-heading\" data-id=\"a686320\" data-element_type=\"widget\" data-widget_type=\"heading.default\">\n\t\t\t\t<div class=\"elementor-widget-container\">\n\t\t\t<style>\/*! elementor - v3.14.0 - 18-06-2023 *\/\n.elementor-heading-title{padding:0;margin:0;line-height:1}.elementor-widget-heading .elementor-heading-title[class*=elementor-size-]>a{color:inherit;font-size:inherit;line-height:inherit}.elementor-widget-heading .elementor-heading-title.elementor-size-small{font-size:15px}.elementor-widget-heading .elementor-heading-title.elementor-size-medium{font-size:19px}.elementor-widget-heading .elementor-heading-title.elementor-size-large{font-size:29px}.elementor-widget-heading .elementor-heading-title.elementor-size-xl{font-size:39px}.elementor-widget-heading .elementor-heading-title.elementor-size-xxl{font-size:59px}<\/style><h2 class=\"elementor-heading-title elementor-size-default\"><a href=\"https:\/\/www.novotecna.pt\/novo\/wp-content\/uploads\/2025\/07\/Ficha-de-Adesao_Novotecna.pdf\">Ficha de Ades\u00e3o<\/a><\/h2>\t\t<\/div>\n\t\t\t\t<\/div>\n\t\t\t\t\t<\/div>\n\t\t<\/div>\n\t\t\t\t\t\t\t<\/div>\n\t\t<\/section>\n\t\t\t\t<section class=\"elementor-section elementor-top-section elementor-element elementor-element-35980df elementor-section-boxed elementor-section-height-default elementor-section-height-default\" data-id=\"35980df\" data-element_type=\"section\">\n\t\t\t\t\t\t<div class=\"elementor-container elementor-column-gap-default\">\n\t\t\t\t\t<div class=\"elementor-column elementor-col-100 elementor-top-column elementor-element elementor-element-8607f4e\" data-id=\"8607f4e\" data-element_type=\"column\">\n\t\t\t<div class=\"elementor-widget-wrap elementor-element-populated\">\n\t\t\t\t\t\t\t\t<div class=\"elementor-element elementor-element-a95dbda elementor-widget elementor-widget-image\" data-id=\"a95dbda\" data-element_type=\"widget\" data-widget_type=\"image.default\">\n\t\t\t\t<div class=\"elementor-widget-container\">\n\t\t\t\t\t\t\t\t\t\t\t\t\t\t\t<img loading=\"lazy\" decoding=\"async\" width=\"640\" height=\"640\" src=\"https:\/\/www.novotecna.pt\/novo\/wp-content\/uploads\/2025\/07\/Orange-And-Blue-Plumbing-Services-Instagram-Post-1-768x768.png\" class=\"attachment-medium_large size-medium_large wp-image-2207\" alt=\"\" srcset=\"https:\/\/www.novotecna.pt\/novo\/wp-content\/uploads\/2025\/07\/Orange-And-Blue-Plumbing-Services-Instagram-Post-1-768x768.png 768w, https:\/\/www.novotecna.pt\/novo\/wp-content\/uploads\/2025\/07\/Orange-And-Blue-Plumbing-Services-Instagram-Post-1-300x300.png 300w, https:\/\/www.novotecna.pt\/novo\/wp-content\/uploads\/2025\/07\/Orange-And-Blue-Plumbing-Services-Instagram-Post-1-1024x1024.png 1024w, https:\/\/www.novotecna.pt\/novo\/wp-content\/uploads\/2025\/07\/Orange-And-Blue-Plumbing-Services-Instagram-Post-1-150x150.png 150w, https:\/\/www.novotecna.pt\/novo\/wp-content\/uploads\/2025\/07\/Orange-And-Blue-Plumbing-Services-Instagram-Post-1.png 1080w\" sizes=\"auto, (max-width: 640px) 100vw, 640px\" \/>\t\t\t\t\t\t\t\t\t\t\t\t\t\t\t<\/div>\n\t\t\t\t<\/div>\n\t\t\t\t<div class=\"elementor-element elementor-element-47fe67c elementor-widget elementor-widget-tp-faq\" data-id=\"47fe67c\" data-element_type=\"widget\" data-widget_type=\"tp-faq.default\">\n\t\t\t\t<div class=\"elementor-widget-container\">\n\t\t\t\r\n\r\n\t\t<div class=\"faq__item-wrapper\">\r\n            <div class=\"faq__accordion\">\r\n               <div class=\"accordion\" id=\"faqaccordion-47fe67c\">\r\n                                  <div class=\"accordion-item\">\r\n                    <h2 class=\"accordion-header\" id=\"faqOne-0\">\r\n                      <button class=\"accordion-button \" type=\"button\" data-bs-toggle=\"collapse\" data-bs-target=\"#collapseOne-0\" aria-expanded=\"true\" aria-controls=\"collapseOne-0\">\r\n                        O que \u00e9?                      <\/button>\r\n                    <\/h2>\r\n                    <div id=\"collapseOne-0\" class=\"accordion-collapse collapse show\" aria-labelledby=\"faqOne-0\" data-bs-parent=\"#faqaccordion-47fe67c\">\r\n                      <div class=\"accordion-body\">\r\n                        <p>A FORMA\u00c7\u00c3O-A\u00c7\u00c3O \u00e9 um projeto COFINANCIADO pelo COMPETE 2030 destinado ao desenvolvimento das PMEs e que combina de forma Inovadora Consultoria e Forma\u00e7\u00e3o, mediante um diagn\u00f3stico e elabora\u00e7\u00e3o de planos de a\u00e7\u00e3o adaptados \u00e0s necessidades das mesmas, numa das seguintes tem\u00e1ticas (com possibilidade de interven\u00e7\u00e3o em outras \u00e1reas):<\/br><b>\n\u2022\tInova\u00e7\u00e3o<\/br>\n\u2022\tDigitaliza\u00e7\u00e3o e Transi\u00e7\u00e3o Digital<\/br>\n\u2022\tEfici\u00eancia Energ\u00e9tica\/Descarboniza\u00e7\u00e3o<\/br>\n\u2022\tInternacionaliza\u00e7\u00e3o<\/br>\n\u2022\tCompetitividade<\/br>\n\u2022\tCrit\u00e9rios ESG (Environment, Social, and Governance)\n\n<\/p>\r\n                      <\/div>\r\n                    <\/div>\r\n                  <\/div>\r\n                                    <div class=\"accordion-item\">\r\n                    <h2 class=\"accordion-header\" id=\"faqOne-1\">\r\n                      <button class=\"accordion-button collapsed\" type=\"button\" data-bs-toggle=\"collapse\" data-bs-target=\"#collapseOne-1\" aria-expanded=\"true\" aria-controls=\"collapseOne-1\">\r\n                        Requisitos                      <\/button>\r\n                    <\/h2>\r\n                    <div id=\"collapseOne-1\" class=\"accordion-collapse collapse \" aria-labelledby=\"faqOne-1\" data-bs-parent=\"#faqaccordion-47fe67c\">\r\n                      <div class=\"accordion-body\">\r\n                        <p>Para aderir a este Programa \u00e9 necess\u00e1rio que as empresas cumpram os <b>seguintes requisitos <b>:\n<br>\n\u2022 Dispor de certifica\u00e7\u00e3o eletr\u00f3nica que comprova o estatuto de PME;<br>\n\u2022 O estabelecimento da PME onde ser\u00e1 efetuado o investimento tem de se localizar numa das regi\u00f5es indicados (Norte, Centro e Alentejo);<br>\n\u2022 A Empresa tem a situa\u00e7\u00e3o regularizada face \u00e0 Seguran\u00e7a Social e \u00e0 Administra\u00e7\u00e3o Fiscal;<br>\n\u2022 A Empresa tem a situa\u00e7\u00e3o regularizada face \u00e0s entidades pagadoras dos incentivos;<br>\n\u2022 N\u00e3o \u00e9 uma \u201cEmpresa em dificuldade\u201d, (artigo 2\u00ba do Regulamento (UE) n.\u00ba651\/2014);<br>\n\u2022 A Empresa apresenta uma situa\u00e7\u00e3o l\u00edquida positiva; <br>\n\u2022 A Empresa declara n\u00e3o estar sujeita a uma injun\u00e7\u00e3o de recupera\u00e7\u00e3o (Regulamento (UE) n.\u00ba651\/2014);<br>\n\u2022 A Empresa possui contabilidade organizada;<br>\n\u2022 A Empresa n\u00e3o tem sal\u00e1rios em atraso.<br>\n<\/p>\r\n                      <\/div>\r\n                    <\/div>\r\n                  <\/div>\r\n                                    <div class=\"accordion-item\">\r\n                    <h2 class=\"accordion-header\" id=\"faqOne-2\">\r\n                      <button class=\"accordion-button collapsed\" type=\"button\" data-bs-toggle=\"collapse\" data-bs-target=\"#collapseOne-2\" aria-expanded=\"true\" aria-controls=\"collapseOne-2\">\r\n                        Para quem?                      <\/button>\r\n                    <\/h2>\r\n                    <div id=\"collapseOne-2\" class=\"accordion-collapse collapse \" aria-labelledby=\"faqOne-2\" data-bs-parent=\"#faqaccordion-47fe67c\">\r\n                      <div class=\"accordion-body\">\r\n                        <p>Micro e Pequenas e M\u00e9dias Empresas<\/p>\r\n                      <\/div>\r\n                    <\/div>\r\n                  <\/div>\r\n                                    <div class=\"accordion-item\">\r\n                    <h2 class=\"accordion-header\" id=\"faqOne-3\">\r\n                      <button class=\"accordion-button collapsed\" type=\"button\" data-bs-toggle=\"collapse\" data-bs-target=\"#collapseOne-3\" aria-expanded=\"true\" aria-controls=\"collapseOne-3\">\r\n                        Documenta\u00e7\u00e3o necess\u00e1ria                      <\/button>\r\n                    <\/h2>\r\n                    <div id=\"collapseOne-3\" class=\"accordion-collapse collapse \" aria-labelledby=\"faqOne-3\" data-bs-parent=\"#faqaccordion-47fe67c\">\r\n                      <div class=\"accordion-body\">\r\n                        <p>Atempadamente, e para formalizar depois a Ades\u00e3o, dever\u00e1 reunir alguma documenta\u00e7\u00e3o:<br>\n\u00b7 Certificado PME atualizado<br>\n\u00b7 Declara\u00e7\u00e3o de n\u00e3o d\u00edvida \u00e0s Finan\u00e7as<br>\n\u00b7 Declara\u00e7\u00e3o de n\u00e3o d\u00edvida \u00e0 Seguran\u00e7a Social<br>\n\u00b7 IES de 2023 e 2022<br>\n\u00b7 Quadro de pessoal<br>\n\u00b7 Declara\u00e7\u00e3o de licenciamento preenchida (enviamos posteriormente)<br>\n\u00b7 Declara\u00e7\u00e3o de empresa aut\u00f3noma preenchida ou Declara\u00e7\u00e3o de empresa \u00fanica (enviamos posteriormente)<br>\n<\/p>\r\n                      <\/div>\r\n                    <\/div>\r\n                  <\/div>\r\n                                    <div class=\"accordion-item\">\r\n                    <h2 class=\"accordion-header\" id=\"faqOne-4\">\r\n                      <button class=\"accordion-button collapsed\" type=\"button\" data-bs-toggle=\"collapse\" data-bs-target=\"#collapseOne-4\" aria-expanded=\"true\" aria-controls=\"collapseOne-4\">\r\n                        O que oferece este projeto?                      <\/button>\r\n                    <\/h2>\r\n                    <div id=\"collapseOne-4\" class=\"accordion-collapse collapse \" aria-labelledby=\"faqOne-4\" data-bs-parent=\"#faqaccordion-47fe67c\">\r\n                      <div class=\"accordion-body\">\r\n                        <p>A Forma\u00e7\u00e3o-A\u00e7\u00e3o oferece uma oportunidade \u00fanica para as empresas beneficiarem de forma\u00e7\u00e3o e consultoria em diversas \u00e1reas, sem custos monet\u00e1rios diretos.<br>\n\n\u2022 Cofinanciado a 90% <br>\n\u2022 Custo para a empresa 10% <br>\n\u2022 Forma\u00e7\u00e3o + Consultoria personalizada;<br>\n\nEste modelo de cofinanciamento permite que as empresas acedam a recursos e conhecimentos que podem ser decisivos para a sua evolu\u00e7\u00e3o e crescimento. \n<\/p>\r\n                      <\/div>\r\n                    <\/div>\r\n                  <\/div>\r\n                                    <div class=\"accordion-item\">\r\n                    <h2 class=\"accordion-header\" id=\"faqOne-5\">\r\n                      <button class=\"accordion-button collapsed\" type=\"button\" data-bs-toggle=\"collapse\" data-bs-target=\"#collapseOne-5\" aria-expanded=\"true\" aria-controls=\"collapseOne-5\">\r\n                        Contactos                      <\/button>\r\n                    <\/h2>\r\n                    <div id=\"collapseOne-5\" class=\"accordion-collapse collapse \" aria-labelledby=\"faqOne-5\" data-bs-parent=\"#faqaccordion-47fe67c\">\r\n                      <div class=\"accordion-body\">\r\n                        <p>Tel.: 239 494 305  <br>\nE-mail.: dfp@novotecna.pt<\/p>\r\n                      <\/div>\r\n                    <\/div>\r\n                  <\/div>\r\n                                  <\/div>\r\n            <\/div>\r\n        <\/div>\r\n\r\n\t\t\t\t<\/div>\n\t\t\t\t<\/div>\n\t\t\t\t<div class=\"elementor-element elementor-element-9c475f2 elementor-widget elementor-widget-image\" data-id=\"9c475f2\" data-element_type=\"widget\" data-widget_type=\"image.default\">\n\t\t\t\t<div class=\"elementor-widget-container\">\n\t\t\t\t\t\t\t\t\t\t\t\t\t\t\t<img loading=\"lazy\" decoding=\"async\" width=\"640\" height=\"66\" src=\"https:\/\/www.novotecna.pt\/novo\/wp-content\/uploads\/2024\/11\/Barra-de-Logos_C2030_PT2030_UE-1-768x79.png\" class=\"attachment-medium_large size-medium_large wp-image-1966\" alt=\"\" srcset=\"https:\/\/www.novotecna.pt\/novo\/wp-content\/uploads\/2024\/11\/Barra-de-Logos_C2030_PT2030_UE-1-768x79.png 768w, https:\/\/www.novotecna.pt\/novo\/wp-content\/uploads\/2024\/11\/Barra-de-Logos_C2030_PT2030_UE-1-300x31.png 300w, https:\/\/www.novotecna.pt\/novo\/wp-content\/uploads\/2024\/11\/Barra-de-Logos_C2030_PT2030_UE-1-1024x106.png 1024w, https:\/\/www.novotecna.pt\/novo\/wp-content\/uploads\/2024\/11\/Barra-de-Logos_C2030_PT2030_UE-1-1536x158.png 1536w, https:\/\/www.novotecna.pt\/novo\/wp-content\/uploads\/2024\/11\/Barra-de-Logos_C2030_PT2030_UE-1-2048x211.png 2048w\" sizes=\"auto, (max-width: 640px) 100vw, 640px\" \/>\t\t\t\t\t\t\t\t\t\t\t\t\t\t\t<\/div>\n\t\t\t\t<\/div>\n\t\t\t\t\t<\/div>\n\t\t<\/div>\n\t\t\t\t\t\t\t<\/div>\n\t\t<\/section>\n\t\t\t\t<section class=\"elementor-section elementor-top-section elementor-element elementor-element-3462cf8 elementor-section-boxed elementor-section-height-default elementor-section-height-default\" data-id=\"3462cf8\" data-element_type=\"section\">\n\t\t\t\t\t\t<div class=\"elementor-container elementor-column-gap-default\">\n\t\t\t\t\t<div class=\"elementor-column elementor-col-100 elementor-top-column elementor-element elementor-element-4aa9ebe\" data-id=\"4aa9ebe\" data-element_type=\"column\">\n\t\t\t<div class=\"elementor-widget-wrap\">\n\t\t\t\t\t\t\t\t\t<\/div>\n\t\t<\/div>\n\t\t\t\t\t\t\t<\/div>\n\t\t<\/section>\n\t\t\t\t\t\t\t<\/div>\n\t\t","protected":false},"excerpt":{"rendered":"<p>Forma\u00e7\u00e3o A\u00e7\u00e3o Forma\u00e7\u00e3o e Consultoria Empresarial Financiada para Empresas A Forma\u00e7\u00e3o-A\u00e7\u00e3o tem como objetivo intensificar a forma\u00e7\u00e3o dos empres\u00e1rios e gestores para a reorganiza\u00e7\u00e3o e melhoria das capacidades de gest\u00e3o, assim como dos trabalhadores das empresas, apoiada em tem\u00e1ticas associadas \u00e0 inova\u00e7\u00e3o e mudan\u00e7a, atrav\u00e9s da realiza\u00e7\u00e3o de a\u00e7\u00f5es de forma\u00e7\u00e3o e consultoria espec\u00edficas. Ficha [&hellip;]<\/p>\n","protected":false},"author":3,"featured_media":0,"parent":0,"menu_order":0,"comment_status":"closed","ping_status":"closed","template":"elementor_header_footer","meta":{"footnotes":""},"class_list":["post-1943","page","type-page","status-publish","hentry"],"acf":[],"_links":{"self":[{"href":"https:\/\/www.novotecna.pt\/novo\/wp-json\/wp\/v2\/pages\/1943","targetHints":{"allow":["GET"]}}],"collection":[{"href":"https:\/\/www.novotecna.pt\/novo\/wp-json\/wp\/v2\/pages"}],"about":[{"href":"https:\/\/www.novotecna.pt\/novo\/wp-json\/wp\/v2\/types\/page"}],"author":[{"embeddable":true,"href":"https:\/\/www.novotecna.pt\/novo\/wp-json\/wp\/v2\/users\/3"}],"replies":[{"embeddable":true,"href":"https:\/\/www.novotecna.pt\/novo\/wp-json\/wp\/v2\/comments?post=1943"}],"version-history":[{"count":52,"href":"https:\/\/www.novotecna.pt\/novo\/wp-json\/wp\/v2\/pages\/1943\/revisions"}],"predecessor-version":[{"id":2214,"href":"https:\/\/www.novotecna.pt\/novo\/wp-json\/wp\/v2\/pages\/1943\/revisions\/2214"}],"wp:attachment":[{"href":"https:\/\/www.novotecna.pt\/novo\/wp-json\/wp\/v2\/media?parent=1943"}],"curies":[{"name":"wp","href":"https:\/\/api.w.org\/{rel}","templated":true}]}}